{"id":42,"date":"2021-10-25T03:41:26","date_gmt":"2021-10-25T03:41:26","guid":{"rendered":"https:\/\/everdent.app\/?page_id=42"},"modified":"2022-04-02T07:45:55","modified_gmt":"2022-04-02T07:45:55","slug":"tarifas","status":"publish","type":"page","link":"https:\/\/everdent.app\/index.php\/tarifas\/","title":{"rendered":"Tarifas"},"content":{"rendered":"<p>[et_pb_section fb_built=&#8221;1&#8243; _builder_version=&#8221;4.10.5&#8243; _module_preset=&#8221;default&#8221; global_colors_info=&#8221;{}&#8221;][et_pb_row _builder_version=&#8221;4.10.5&#8243; _module_preset=&#8221;default&#8221; global_colors_info=&#8221;{}&#8221;][et_pb_column type=&#8221;4_4&#8243; _builder_version=&#8221;4.10.5&#8243; _module_preset=&#8221;default&#8221; global_colors_info=&#8221;{}&#8221;][et_pb_text _builder_version=&#8221;4.10.5&#8243; _module_preset=&#8221;default&#8221; text_font=&#8221;|700|||||||&#8221; text_text_color=&#8221;#8300E9&#8243; text_font_size=&#8221;32px&#8221; text_orientation=&#8221;center&#8221; global_colors_info=&#8221;{}&#8221;]<\/p>\n<p>Elige un Plan que Funcione para Ti<\/p>\n<p>[\/et_pb_text][et_pb_pricing_tables _builder_version=&#8221;4.10.5&#8243; _module_preset=&#8221;default&#8221; global_colors_info=&#8221;{}&#8221;][et_pb_pricing_table title=&#8221;Inicio&#8221; subtitle=&#8221;Pru\u00e9banos gratis por 30 d\u00edas&#8221; currency=&#8221;$&#8221; per=&#8221;mes&#8221; sum=&#8221;0&#8243; button_url=&#8221;https:\/\/my.everdent.app\/auth-register.html&#8221; button_text=&#8221;Crear Cuenta&#8221; bullet_color=&#8221;#8300E9&#8243; price_background_color=&#8221;RGBA(0,0,0,0)&#8221; header_background_color=&#8221;#8300E9&#8243; _builder_version=&#8221;4.10.5&#8243; _module_preset=&#8221;default&#8221; price_text_color=&#8221;#8300E9&#8243; header_font=&#8221;|700|||||||&#8221; price_font=&#8221;|700|||||||&#8221; price_letter_spacing=&#8221;0px&#8221; currency_frequency_font=&#8221;|600|||||||&#8221; currency_frequency_text_color=&#8221;#8300E9&#8243; currency_frequency_font_size=&#8221;27px&#8221; currency_frequency_letter_spacing=&#8221;0px&#8221; currency_frequency_line_height=&#8221;1.8em&#8221; excluded_font=&#8221;||||||on||&#8221; background_color=&#8221;RGBA(0,0,0,0)&#8221; background_enable_color=&#8221;on&#8221; custom_button=&#8221;on&#8221; button_text_color=&#8221;#8300E9&#8243; button_font=&#8221;|700|||||||&#8221; transform_scale=&#8221;95%|95%&#8221; box_shadow_style=&#8221;preset3&#8243; global_colors_info=&#8221;{}&#8221; sticky_transition=&#8221;on&#8221;]<\/p>\n<p>+ Hasta 100 pacientes<\/p>\n<p>+ Sucursales ilimitadas<br \/>+ Agenda en l\u00ednea<br \/>+ Historias Cl\u00ednicas digitales<br \/>+ Recordatorios autom\u00e1ticos<br \/>+ Presupuestos<br \/>+ Control de pagos<br \/>+ 30 GB almacenamiento<br \/>+ Soporte en l\u00ednea<br \/>+ Usuarios adicionales*<\/p>\n<p>[\/et_pb_pricing_table][et_pb_pricing_table title=&#8221;Profesional&#8221; subtitle=&#8221;Para equipos de trabajo de todos los tama\u00f1os&#8221; currency=&#8221;$&#8221; per=&#8221;usuario\/mes&#8221; sum=&#8221;15&#8243; button_url=&#8221;https:\/\/my.everdent.app\/auth-register.html&#8221; button_text=&#8221;Crear Cuenta&#8221; bullet_color=&#8221;#8300E9&#8243; price_background_color=&#8221;RGBA(0,0,0,0)&#8221; header_background_color=&#8221;#8300E9&#8243; _builder_version=&#8221;4.10.5&#8243; _module_preset=&#8221;default&#8221; price_text_color=&#8221;#8300E9&#8243; header_font=&#8221;|700|||||||&#8221; price_font=&#8221;|700|||||||&#8221; price_letter_spacing=&#8221;0px&#8221; currency_frequency_font=&#8221;|600|||||||&#8221; currency_frequency_text_color=&#8221;#8300E9&#8243; currency_frequency_font_size=&#8221;27px&#8221; currency_frequency_letter_spacing=&#8221;0px&#8221; currency_frequency_line_height=&#8221;1.8em&#8221; background_color=&#8221;RGBA(0,0,0,0)&#8221; background_enable_color=&#8221;on&#8221; custom_button=&#8221;on&#8221; button_text_color=&#8221;#8300E9&#8243; button_font=&#8221;|700|||||||&#8221; transform_scale=&#8221;95%|95%&#8221; box_shadow_style=&#8221;preset3&#8243; global_colors_info=&#8221;{}&#8221; sticky_transition=&#8221;on&#8221;]<\/p>\n<p>+ Pacientes ilimitados<br \/>+ Sucursales ilimitadas<br \/>+ Agenda en l\u00ednea<br \/>+ Historias Cl\u00ednicas digitales<br \/>+ Recordatorios autom\u00e1ticos<br \/>+ Presupuestos<br \/>+ Control de pagos<br \/>+ Almacenamiento Ilimitado*<br \/>+ Soporte en l\u00ednea<br \/>+ Usuarios adicionales**<\/p>\n<p>[\/et_pb_pricing_table][\/et_pb_pricing_tables][et_pb_text _builder_version=&#8221;4.10.5&#8243; _module_preset=&#8221;default&#8221; text_text_color=&#8221;#d1d1d1&#8243; custom_margin=&#8221;-10px||46px|||&#8221; custom_padding=&#8221;0px||14px|||&#8221; global_colors_info=&#8221;{}&#8221;]<\/p>\n<p>*Todas las cuentas incluyen de base 30GB de almacenamiento de forma gratuita, el exceso se cotizar\u00e1 en 0.05$\/GB\/mes.<\/p>\n<p>** Cada usuario adicional tiene un costo de 15$\/mes<\/p>\n<p>[\/et_pb_text][\/et_pb_column][\/et_pb_row][\/et_pb_section]<\/p>\n","protected":false},"excerpt":{"rendered":"<p>Elige un Plan que Funcione para Ti+ Hasta 100 pacientes + Sucursales ilimitadas+ Agenda en l\u00ednea+ Historias Cl\u00ednicas digitales+ Recordatorios autom\u00e1ticos+ Presupuestos+ Control de pagos+ 30 GB almacenamiento+ Soporte en l\u00ednea+ Usuarios adicionales*+ Pacientes ilimitados+ Sucursales ilimitadas+ Agenda en l\u00ednea+ Historias Cl\u00ednicas digitales+ Recordatorios autom\u00e1ticos+ Presupuestos+ Control de pagos+ Almacenamiento Ilimitado*+ Soporte en l\u00ednea+ Usuarios [&hellip;]<\/p>\n","protected":false},"author":1,"featured_media":0,"parent":0,"menu_order":0,"comment_status":"closed","ping_status":"closed","template":"","meta":{"_et_pb_use_builder":"on","_et_pb_old_content":"","_et_gb_content_width":"","footnotes":""},"class_list":["post-42","page","type-page","status-publish","hentry"],"jetpack_sharing_enabled":true,"_links":{"self":[{"href":"https:\/\/everdent.app\/index.php\/wp-json\/wp\/v2\/pages\/42","targetHints":{"allow":["GET"]}}],"collection":[{"href":"https:\/\/everdent.app\/index.php\/wp-json\/wp\/v2\/pages"}],"about":[{"href":"https:\/\/everdent.app\/index.php\/wp-json\/wp\/v2\/types\/page"}],"author":[{"embeddable":true,"href":"https:\/\/everdent.app\/index.php\/wp-json\/wp\/v2\/users\/1"}],"replies":[{"embeddable":true,"href":"https:\/\/everdent.app\/index.php\/wp-json\/wp\/v2\/comments?post=42"}],"version-history":[{"count":10,"href":"https:\/\/everdent.app\/index.php\/wp-json\/wp\/v2\/pages\/42\/revisions"}],"predecessor-version":[{"id":136,"href":"https:\/\/everdent.app\/index.php\/wp-json\/wp\/v2\/pages\/42\/revisions\/136"}],"wp:attachment":[{"href":"https:\/\/everdent.app\/index.php\/wp-json\/wp\/v2\/media?parent=42"}],"curies":[{"name":"wp","href":"https:\/\/api.w.org\/{rel}","templated":true}]}}